2 = -8*j + 2*z. What is s(j)?
-2
Let u(d) = -3 + 7*d + d**2 + 1 - 2*d + 0*d. Let b(x) be the third derivative of x**5/60 - x**4/4 + 3*x**2. Let l be b(5). Give u(l).
-2
Let n(z) = -z**2 - z + 2. Suppose -15*g = -14*g - 6. Let i be (16/(-12))/(g/9). Calculate n(i).
0
Let l(j) be the first derivative of j**7/840 + j**6/360 - j**5/120 - 5*j**4/24 + 5*j**3/3 + 11. Let w(a) be the third derivative of l(a). What is w(0)?
-5
Let i(a) = -6*a - 18. Let l be i(-4). Let r(w) = 6*w - 3. Let c(g) = -3*g + 1. Let k(q) = l*r(q) + 11*c(q). Give k(-6).
-25
Let w(m) = -m**2 + 4*m - 1. Let q(r) = -2*r**2 + 7*r - 2. Let d(s) = 3*q(s) - 5*w(s). Let a(x) = -1 + 8 - 5*x - x**3 + 3. Let f(t) = a(t) + 5*d(t). Give f(-5).
5
Let a be (4/16 - (-15)/20)*-5. Let l(k) = -k**3 - 6*k**2 - 2*k + 12. Give l(a).
-3
Let j(k) be the second derivative of -39*k + 1/12*k**4 - 1/2*k**2 + 0 + 1/2*k**3. Give j(-2).
-3
Let z = 0 + 3. Suppose -3*p = -12 - z, -4*d + 1 = 5*p. Let r(v) = -v**3 - 5*v**2 + 4*v - 8. What is r(d)?
4
Let f(n) be the third derivative of n**5/60 - 11*n**4/24 + 11*n**3/6 - 314*n**2. What is f(10)?
1
Let t(v) be the first derivative of -v**3/3 + 5*v**2 - 5*v - 106. Give t(9).
4
Suppose 4*u = -118 + 30. Let v = 24 + u. Let a(i) = -5*i + v + 8*i + i. What is a(-5)?
-18
Let a(d) = -11*d**2 + 12. Let q = 32 - 24. Let s(v) = -7*v**2 + 8. Let w(x) = q*s(x) - 5*a(x). Determine w(0).
4
Suppose l - 2 - 2 = 0. Let g(u) = 3 - u + 2*u + l*u + 9*u. Calculate g(-2).
-25
Let g(v) = -4*v - 11430 + 11430. Calculate g(-5).
20
Suppose -21*a - 28*a - 392 = 0. Let b(w) be the first derivative of w**4/4 + 3*w**3 + 5*w**2/2 - 6*w + 3. Calculate b(a).
18
Suppose 3 = o + 2*o. Let f(s) = -1 - s + o - 5. Give f(-6).
1
Let n be (224/(-21))/8 + 16/3. Let c(x) = -x**2 + 3*x - 7. Calculate c(n).
-11
Let o(t) = 17*t + 394. Let f be o(-23). Let n(i) be the second derivative of -7/2*i**2 + 1/12*i**4 + 0 - 6*i - i**f. Calculate n(6).
-7
Let o be (112/(-6))/(-1 - (-14)/21). Suppose -32*t = -40*t - o. Let x(s) = s**3 + 6*s**2 - 7*s + 1. What is x(t)?
1
Let r = 52 - 50. Let g = -10 + 13. Let j(d) = -g + 2*d - 2*d + 1 + d. What is j(r)?
0
Let f(p) = 3*p**2 + 12*p + 11. Let w(u) = u**2 + u - 1. Let z(y) = -f(y) + 2*w(y). Let j be z(-8). Let d(g) = -2*g**2 + 4*g. What is d(j)?
-6
Let u be ((-164)/(-6) - -2)*12/8. Suppose -u*i + 46*i = 2. Let m(a) = -11*a**2 + a. Calculate m(i).
-10
Let i = 7 + -9. Let u(d) = 5*d + 6. Let n(m) = 2*m - 2. Let v(o) = 3*n(o) + u(o). Calculate v(i).
-22
Let z(a) = a - 9. Let s be 11 + -7 - (2 + -4). Suppose s*u = 8*u. Calculate z(u).
-9
Let t(m) be the third derivative of -5*m**4/12 + 2*m**3/3 - 369*m**2. Determine t(-2).
24
Let s(p) be the second derivative of 45*p + 0 - 2/3*p**3 + 0*p**2. What is s(-2)?
8
Let w(d) be the first derivative of -d**5/60 - d**4/6 - 5*d**3/6 - 17*d**2/2 - 9. Let j(x) be the second derivative of w(x). Give j(-6).
-17
Let u(w) be the first derivative of w**4/4 + w**3/3 - w**2 + 157. Give u(-3).
-12
Let f(h) = -h**3 - 9*h**2 + 1 - 6404*h + 2*h**3 + 6401*h. Calculate f(9).
-26
Suppose -169*l + 104 = -156*l. Let g(t) = t**2 - 11*t + 10. Calculate g(l).
-14
Let f(l) = -l**2 - 3*l + 5. Let s be f(-3). Let m(r) = r**2 - 4*r - 1. What is m(s)?
4
Suppose -2*h - 27 = -5*g - 36, 4*h - 2*g - 10 = 0. Let a(v) = 9*v - 14. Calculate a(h).
4
Let w be 2 + (3/(-4) - (-3)/(-12)). Let j(h) be the first derivative of -3*h + 3*h**2 - 1/3*h**3 + w. Calculate j(4).
5
Let k(h) = h**3 - 5*h**2 + 3*h + 5. Let i be k(4). Let v(b) = -i + 2 + 31*b - 28*b. Let o(s) = -4*s - 1. Let p be o(-1). What is v(p)?
10
Let j(v) = -v**2 + 8*v - 1. Let d be j(7). Let u = 11 - d. Suppose 5*s + 3 = -3*c - 26, u*s + 20 = 0. Let k(p) = p**2 + 3*p - 3. Calculate k(c).
-3
Suppose 4*t - 3*k - 19 = 0, 6*k = -3*t + k - 22. Let x(s) be the second derivative of 11*s**4/12 - s**3/6 + s**2/2 - 1317*s. Give x(t).
11
Let r(g) = -4 - g**2 + 5 - 4 + 1 + 3. What is r(-5)?
-24
Let z(r) = r + 4 - 6 - 16 + 2 + 1. Determine z(6).
-9
Let v be (11 - 2) + (-10)/(-4)*-2. Let a(d) = -d**2 - 2*d + 6. Determine a(v).
-18
Let u = -3 - -12. Suppose 0 = y - 4 + u. Let i(m) be the first derivative of m**2/2 + 5*m + 759. What is i(y)?
0
Let t(a) = -a**3 - 5*a**2 - 6*a - 4. Let c be t(-4). Suppose 3*b = -4*r + 10, -c*b + 30 = -0*b - 3*r. Let d(n) = n**2 - 9*n + 3. Determine d(b).
-15
Let t(i) = -9*i**2 - 3*i - 3. Let l(p) = -5*p**2 - 2*p - 2. Let v(j) = 5*l(j) - 3*t(j). Let m = 146 - 208. Let k = -60 - m. Determine v(k).
5
Let c(d) = 51*d - 2 + 57*d - 117*d + 5 + d**2. Let q be (3/(-2))/((-1)/6). Determine c(q).
3
Suppose -25 + 9 = -4*p. Suppose p*d - 5*k = 20, 3*d = 2*k - k + 4. Let o(f) = d*f + 2*f**3 - 1 - f**2 - f**3 + 2*f - f. Give o(2).
5
Let y(l) = -l**2 - 2*l. Let m(s) = s**2. Let w(q) = -3*m(q) - 4*y(q). What is w(-8)?
0
Suppose -11*h = 3*h - 56. Let q(k) = -k. Let x(t) = -1. Let i(s) = h*q(s) + 3*x(s). Calculate i(-4).
13
Let t(x) = 218*x - 433*x - 1 + 214*x. Determine t(8).
-9
Let g(h) = -6*h - 2. Let a be g(-1). Suppose a*u + 0*u = 8. Let f(n) = 2*n**2 - n - 1. Calculate f(u).
5
Let h(p) = -p**2 + 3*p - 5. Let u(n) = -2*n**2 + 7*n - 12. Let w(o) = -9*h(o) + 4*u(o). Give w(-4).
9
Suppose 0*y - 12 = -2*y - 2*w, y - 2*w + 6 = 0. Suppose -6*b + 36 = -y*b + 4*q, -b - 5*q + 17 = 0. Let j(z) = z - 2. What is j(b)?
5
Let a(k) be the third derivative of -k**6/120 - k**5/12 + k**4/8 + k**3/3 - 114*k**2. Calculate a(-6).
20
Let l(r) = -4*r + 4*r - r - 134 + 128. Let q(m) = -m**3 - 6*m**2 + m - 5. Let g be q(-6). Let f = 6 + g. What is l(f)?
-1
Let f(d) be the second derivative of d**5/20 + 7*d**4/12 + 2*d**3/3 - 4*d**2 - d. Let k be (3 - (-30)/(-8)) + (-189)/36. What is f(k)?
4
Let d(z) = 2*z**2 + 2*z + 2. Let b(u) = 47*u - 91. Let w be b(2). Determine d(w).
26
Let j(m) = m**3 - 6*m**2 + 6*m + 5. Suppose 0 = -47*y + 8*y + 195. Determine j(y).
10
Let f(v) = -5*v**2 - 15*v - 17. Let u(q) = 3*q**2 + 10*q + 11. Let n(w) = 5*f(w) + 8*u(w). Suppose -7 = -9*y + 47. Suppose 0 = 4*b - y - 18. Calculate n(b).
-3
Let f(t) = -127 + 128 - 6*t + 5*t - 3*t**2. Determine f(1).
-3
Let d = 18 + -13. Suppose -2*n = -d*n. Let v(o) be the second derivative of o**5/20 + o**4/12 - o**3/6 - o**2 - 55*o. Give v(n).
-2
Let o(t) = -9*t - 1. Suppose v + 4 = -c, 9 = -2*c - 3*v - 3. Suppose -m + c*m = -2. Give o(m).
-19
Let n = -66 + 70. Let h(y) be the third derivative of -5/24*y**n + 1/6*y**3 + 2*y**2 + 0 + 0*y. Give h(-1).
6
Let n(s) = -s - 1. Let b(y) = -5*y - 4. Let k(u) = 2*b(u) - 9*n(u). Let o(f) = f**2 - 2*f - 19. Let a be o(7). Suppose -4*q + 4 = a. What is k(q)?
4
Let y = -155 - -166. Let s(m) = m**2 - 11*m - 5. Give s(y).
-5
Let d(m) = 6*m**2 - 4 + 10 + m**2 - 12941*m + 12934*m - m**3. Suppose 0 = 2*w - 0*w - 12. What is d(w)?
0
Let w be (-32)/6*(-138)/92. Let s(q) = -q**2 + 8*q - 9. Calculate s(w).
-9
Let k(w) = -6*w + 7. Let u(x) = -12*x + 15. Let v(f) = -13*k(f) + 6*u(f). Let o(r) = r**3 + 8*r**2 + 6*r - 6. Let j be o(-7). Calculate v(j).
5
Let l = 61 + -61. Let y be 14/8 + (-3)/(-12). Let u(h) = -10 + h**y + 4 - 7 - h. Determine u(l).
-13
Let p(u) = 2*u + 5. Let v be p(0). Let a(o) = o + 3*o + 5 - v*o. Let z be (35/(-49))/((-2)/14). Calculate a(z).
0
Let g(v) = v**2 + 2*v + 1. Let l be g(0). Let r(f) be the third derivative of -3*f**6/40 - f**5/30 + f**4/12 - f**3/6 + 19*f**2. Calculate r(l).
-10
Suppose 120 = -3644*r + 3668*r. Let i(l) be the third derivative of l**5/60 - 5*l**4/24 + l**3/3 - l**2. Determine i(r).
2
Let n(j) = j - 3. Let m(k) = -4*k - 1. Let c be m(-2). Let p be c*(2 - 5)/3. Give n(p).
-10
Let j be 49/7*((-30)/14)/(-5). Let d(t) = -2*t**2 + 5*t - 2. Calculate d(j).
-5
Let o(l) = -2 - 4*l + l - 6 - 2. Calculate o(-7).
11
Let f(j) = 5*j + 12. Suppose 21*z + 133 + 77 = 0. Determine f(z).
-38
Let a(t) = t**3 + 15*t**2 + 27*t + 20. Let k be a(-13). Let z(p) = 3*p - 4. Determine z(k).
17
Let i(y) = 32*y**2 + 13 - 18*y**2 - 23*y**2 + y**3 - 2*y. Give i(9).
-5
Let r(u) = u**3 + 5*u**2. Let c be (-4)/18 + 104/(-18). Suppose -47 = -9*b - 38. Let y = c + b. Calculate r(y).
0
Let l(b) = b**3 - 4*b**2 + 5*b - 3. Let k(i) = 2*i**2 + 3*i + 3. Let w be k(0). What is l(w)?
3
Let j(o) = o**3 - 2*o**2 + 2*o - 3. Let t be j(3). Let u be (-6)/8 + t/(-32)*-2. Let m(w) = -w**2 + 7. What is m(u)?
7
Let n(u) be the third derivative of u**5/12